26*l + 531. Let m be (-1 - l/(-6))/((-1)/3). Determine k(m).
5
Let v(j) = -j**2 - j - 1. Suppose -3 + 156 = 71*t - 60. Determine v(t).
-13
Let c(o) = -o**3 + o**2 - o. Suppose 0 = -14*w - 34 + 62. Give c(w).
-6
Let f(q) = -13*q - 5. Let h(g) = -19*g - 6. Let l(s) = -3*f(s) + 2*h(s). Let i = 96 + -103. What is l(i)?
-4
Let d(g) = 0 - 5 + 4 - g**2 + 25*g - 10*g. Let z be d(15). Let u(r) be the second derivative of r**4/3 - r**3/6 - r**2/2 + r. Give u(z).
4
Let m(x) = 17*x**2 - 155*x + 21. Let k be m(9). Let a(r) be the third derivative of -1/60*r**5 + 0*r + 0*r**4 + 6*r**2 + 0 + 1/3*r**k. Determine a(-2).
-2
Let l(c) = c**3 - 9*c**2 + 3*c + 78. Let v be l(7). Let w be ((-4)/(28/21))/(1/v). Let x(a) = -a**3 - 4*a**2 + 3*a + 2. Calculate x(w).
-16
Let q(i) = -i**3 - 4*i**2 + 2. Let l be q(-4). Let j be -5 - (4 - (9 - l)). Let n be (j/(-4))/((-5)/(-10)). Let p(y) = 3*y**3 + 1. Calculate p(n).
4
Suppose 15 + 13 = 7*h. Let f(w) = 1262*w**2 + 31*w**3 + 6*w - 30*w**3 - 1 - 1267*w**2. Give f(h).
7
Let z(d) be the third derivative of -d**4/4 - 8*d**3/3 - 11*d**2. Determine z(-11).
50
Let p = -497 + 499. Suppose -p*h - 16 = s, -56 = 5*s - 4*h + 8*h. Let i(u) = 0*u - 7 + 2*u + 17. What is i(s)?
-6
Let v(w) = -w**3 - 8*w**2 - 5*w + 16. Let b be v(-7). Let y(j) be the second derivative of -j**3/3 - j**2/2 + 2788*j. What is y(b)?
-5
Suppose 6*x - 3*x = -l + 493, -x + 3*l = -181. Let b = -138 + x. Let t(a) = 2*a - 50. Let g be t(b). Let m(n) = n**3 - 7*n**2 + 2*n + 3. Calculate m(g).
-21
Let g(w) = 131*w + 22. Let k(p) = 106*p + 24. Let u(s) = 4*g(s) - 5*k(s). What is u(-6)?
4
Let p(x) = -x**2 + x. Let j(f) = 14*f**2 - 10*f - 11. Let r(v) = -j(v) - 5*p(v). Let g(k) = 4*k**2 - 3*k - 6. Let d(a) = 7*g(a) + 3*r(a). Calculate d(7).
-2
Let k(t) be the third derivative of t**5/120 + t**4/24 - 15*t**3/2 + 65*t**2. Let j(s) be the first derivative of k(s). Determine j(-1).
0
Let q(j) = -725496*j**2 - 2*j + 1 + 2*j + 725495*j**2. What is q(-2)?
-3
Let x(u) = 7*u**2 + 8*u + 14. Let l = 16 + -12. Suppose k + l = 2*z, -k + 36 = 4*z + 10. Let a(h) = -h**2 - 1. Let o(b) = k*a(b) + x(b). Determine o(-7).
1
Let y(p) = -p**2 + p + 4. Suppose 4*q + 26 = 5*c, -c = -5*q + 7*q + 20. Let w be (-3)/q*(-1)/(-2)*18. Give y(w).
-2
Suppose 21*a - 348 = 15*a. Let w(q) = q + 13*q**2 - 3*q - a + 35 + 24. Calculate w(1).
12
Let h(v) = -v - 235*v**3 + v**2 + 7 + 549*v**3 + 4*v**2 - 315*v**3. Let y = -13 + 18. Calculate h(y).
2
Let h(u) = u**3 - 6*u**2 + 9*u + 9. Let p(k) = -k - 1. Let c(i) = h(i) + 6*p(i). Suppose 9*n - 230 = -19*n - 18*n. What is c(n)?
-7
Let l(d) = -d**3 - 3*d**2 - 3*d - 4. Let v = 23 - 14. Suppose 4*r = -u + 5*r + v, 5*r + 25 = 0. Let p be -3 - ((-4)/22 + u/22). Give l(p).
5
Let b(j) be the first derivative of 11*j - 5*j**2 - 191 - 1/3*j**3. What is b(-8)?
27
Let o(r) = -r - 9. Suppose 70 = 33*q - 62. Let p be -1*q - (28 + -26). Calculate o(p).
-3
Let v be -3*(-4)/(-12) + 43. Suppose -23*m - v = -16*m. Let y(q) = q**3 + 7*q**2 + 6*q - 7. Give y(m).
-7
Let p(k) = -16*k**3 + 17*k**3 - 12 + 4. Suppose -8*b = -12 - 20. Suppose 8*h = b*h + h. Determine p(h).
-8
Let u(i) = 12*i**3 - 502*i**2 - 86*i + 85. Let m be u(42). Let r(s) = -17*s. Give r(m).
-17
Let i(b) be the second derivative of -b**6/180 + b**5/24 - b**4/8 + b**3/6 + 16*b**2 + 8*b - 16. Let a(d) be the second derivative of i(d). Determine a(3).
-6
Let t = 102085 + -102082. Let o(d) be the third derivative of -d**5/60 - d**4/24 + 2*d**3/3 - d**2. Calculate o(t).
-8
Let w(b) = -2*b**3 - 13*b**2 + 5*b - 9. Let g be (0 - -7)*4*247/(-988). Calculate w(g).
5
Suppose 0*k + 4*u = k + 19, 10 = 5*k + u. Let h(x) = 7*x**3 + 0*x**3 + 1 + 0*x**2 - x**2 - 2*x**3 - 8*x**3. Give h(k).
-3
Let y(i) = i**2 - 21*i - 31. Let l be 8 + 18 - (10/(-20))/(2/(-12)). Determine y(l).
15
Let y = -1257 - -1256. Let k(c) = -96*c**3 + 3*c**2 + c - 1. Calculate k(y).
97
Let u(a) = -a**2 - 11*a - 12. Let g(q) = -43*q - 521. Let w be g(-12). What is u(w)?
18
Let n(v) be the first derivative of -11*v - 23 + 39/2*v**2. Let z(d) = 19*d - 5. Let q(r) = -6*n(r) + 13*z(r). Determine q(-1).
-12
Let i(h) = -30*h - 21304 + 42643 - 21308. Give i(1).
1
Let f(i) be the third derivative of i**5/60 - i**4/24 - i**3/6 + 2*i**2. Let z(m) = 2*m**2 + 6*m + 2. Let k(t) = -f(t) + z(t). Let v = 867 + -872. What is k(v)?
-7
Let z(a) = -4*a + 5. Let p be 11/((-792)/873) - (50/(-16) + 3). Calculate z(p).
53
Let l(o) = o**2 - 12*o - 16. Let s = -453 - -479. Suppose -f + 18 = -2*v, -2*f + 2*v = 3*v - s. Calculate l(f).
12
Let j(c) be the third derivative of c**5/60 - 5*c**4/8 - 21*c**3/2 - 224*c**2. What is j(18)?
-9
Suppose 4*q = -5*y - 20, -6*q = -y - q - 33. Let u(l) = l - 15 + 7 + 5 + 0*l + 4. Calculate u(y).
-7
Let t = -14 + 17. Let b(o) be the first derivative of o**2 + 0*o - 2/3*o**3 + 12. Calculate b(t).
-12
Let r(f) be the third derivative of -f**4/24 + 43*f**3/6 - 104*f**2 - f. Calculate r(18).
25
Let b(y) = -32*y + 3227. Let k be b(101). Let i(w) = w**3 + 9*w**2 + 23*w + 7. Give i(k).
-8
Suppose 3*s = 5*z + 18, -5*s - z + 8 = -22. Let h(a) be the first derivative of -a**4/4 + 2*a**3 - a**2/2 + 6*a + 1. Determine h(s).
0
Let j(y) = y**2 - 3*y - 2. Let d(s) be the first derivative of s**3/3 + 3*s**2/2 + 21*s - 27. Let i be d(-6). Suppose i = 18*c - 5*c. Determine j(c).
-2
Let z be 290/7 + 66/(-154). Let b(r) = -48*r**2 + 4 - 2*r - 51*r**2 + 141*r**2 - z*r**2. Calculate b(3).
7
Let q(i) = 16*i + 3*i**2 - 1 + 8*i - 3 - 7*i**3 + 2 - 25*i. Suppose -18*a = 3 - 39. Determine q(a).
-48
Let d(l) = -36*l**2 - 31 - 29*l**2 - 18*l**2 + 24*l + 92*l**2 - l**3. Calculate d(11).
-9
Suppose -q + 428*r - 9 = 423*r, 3*q - 5*r = -17. Let z(s) = -s**2 + 4*s - 2. Give z(q).
-34
Let o(y) = -10*y - 75. Let h(k) = k**3 + 15*k**2 + 29*k - 92. Let p be h(-12). Give o(p).
5
Let n = 16 + -29. Let u = -9 - n. Let d(v) = -5*v - 12. Let l(b) = -7*b - 14. Let p(i) = -5*d(i) + 4*l(i). Give p(u).
-8
Let b(n) = -14*n + 32. Let c(u) = 7*u - 15. Let q(p) = 4*b(p) + 7*c(p). Let m be q(3). Let h(s) = -12*s**2 - s + 7*s**3 - 6*s**2 + 20*s**m. Calculate h(1).
8
Let r(p) = 3*p + 132. Let y be r(-32). Suppose 0*q + 12*q = -y. Let s(k) = -k + 3. Determine s(q).
6
Let b be -15*((-7)/(-3) - 3). Let k(r) = r - 4*r**2 + 0*r - 5*r**2 + b*r**2 + 2. What is k(2)?
8
Let c be (5 - 3) + -1 - -9. Let w(u) be the third derivative of -u**5/60 + 5*u**4/12 + u**3/2 - 348*u**2 - u. Determine w(c).
3
Let m(f) be the first derivative of f**4/4 - 2*f**3/3 + f - 353. Let z = -18 + 20. Give m(z).
1
Let b(k) = 9*k - 126. Let t be b(23). Suppose 0 = 2*z + t - 61. Let n(d) = -d**3 - 11*d**2 - 11*d + 6. Determine n(z).
16
Let n(r) = 12*r**2 + 4*r + 3. Let s = -8880 - -8879. Calculate n(s).
11
Let a(c) = -39*c**2 + c + 10. Let q(x) = 136*x**2 - 3*x - 30. Let m(i) = 7*a(i) + 2*q(i). Calculate m(-5).
-20
Let x(d) = -4*d**3 - 2. Let l(t) = 61*t**2 + 1276*t - 106. Let b be l(-21). Give x(b).
2
Suppose -5*y - 11*y = -2*y. Let z(w) = 5*w**2 + 2*w - 2. Let h(q) = 3*q**2 + q - 2. Let r(p) = -3*h(p) + 2*z(p). Calculate r(y).
2
Let s(z) = 4 - 18*z + 134*z - 115*z. Calculate s(10).
14
Let d = -15658 + 15657. Let x(n) = 32*n + 15. Give x(d).
-17
Let a(h) be the third derivative of h**4/12 - h**3/3 - 4*h**2 - 61*h. Let i = 32 - 37. Calculate a(i).
-12
Let i(p) = -2*p - 9. Let s be (-5)/(-2) - (7 + 120/(-16)). Suppose -s*o + x = -18, 0 = 4*x - 10 - 2. Calculate i(o).
-23
Let y(x) be the first derivative of x**3/3 + 17*x**2/2 + 21*x - 5684. Give y(-12).
-39
Suppose -3*m - 287279 = 15*y - 20*y, -114920 = -2*y + 4*m. Let i(s) = y + 8*s - 57450 - 4*s. Calculate i(6).
28
Let f(n) = -3*n**3 + 3*n**2 + 4*n - 2. Let j(o) = 26*o**3 - 25*o**2 - 34*o + 17. Let z(i) = 17*f(i) + 2*j(i). Determine z(-2).
-4
Let c be (3 + -3)*5/15. Let l(r) = -3*r**2 + r - 1. Determine l(c).
-1
Let x(j) = -j**3 + 3*j**2 - 2*j - 1. Let k(t) = -t**3 - 4*t**2 + 2*t - 6. Let v(c) = k(c) - 2*x(c). Determine v(8).
-84
Suppose 4*s + 3 = 3*s. Let a(t) be the first derivative of 3*t**2 + t - 22114. What is a(s)?
-17
Let r = -62 + 83. Suppose -2*t = 2*t + 3*x - r, -2*x - 14 = -2*t. Let p(i) = -t + 6*i + 1 - 4*i - 3. Calculate p(6).
4
Let f(i) = 14*i**2 - 42 - 11*i + 14*i**2 - 31*i**2 + 15 + 2*i**2. Give f(-4).
1
Suppose j = -31 + 33. Let c(u) = -u**3 - 5*u**2 + u - 1. Give c(j).
-27
Let 